e j(8).
-6
Let s(b) = b - 21. What is s(28)?
7
Let z(f) = -f**2 - 15*f + 32. Give z(2).
-2
Let n(d) = -d**2 + 2*d + 6. Give n(4).
-2
Let m(q) = 3*q**3 - q**2 - 4*q + 14. What is m(3)?
74
Let h(x) = x**3 - 6*x**2 - 9*x + 18. What is h(7)?
4
Let s(y) = 23*y + 4. Determine s(-1).
-19
Let k(y) = -5*y + 42. Calculate k(9).
-3
Let v(o) = o**3 + 8*o**2 - 12*o - 14. Calculate v(-9).
13
Let y(v) = v**2 - 53*v + 395. Give y(44).
-1
Let p(b) = b**3 - 4*b**2 - 8*b + 9. Give p(5).
-6
Let h(m) = -m**3 - 3*m**2 - 5*m - 6. What is h(-3)?
9
Let c(s) = -10*s - 2. Determine c(6).
-62
Let m(f) = -7*f - 6. What is m(-3)?
15
Let u(w) = -8*w - 30. Calculate u(0).
-30
Let o(c) = 6*c**2 + 25*c + 1. Give o(-4).
-3
Let y(i) = -4*i + 12. Determine y(-6).
36
Let z(s) = 11*s - 2. Give z(-4).
-46
Let q(v) = v**2 + 11*v - 10. Give q(-5).
-40
Let o(f) = f**2 + 12*f + 7. Determine o(-11).
-4
Let o(d) = -d**3 + 7*d + 4. Determine o(-3).
10
Let l(j) = -4*j**2 - 5*j + 4. Determine l(-4).
-40
Let p(z) = z**2 - 15*z - 17. Determine p(12).
-53
Let z(x) = -x**3 - 6*x**2 + 27. Give z(-5).
2
Let r(l) = l**3 + l**2 - 48*l - 19. Calculate r(7).
37
Let a(s) = -6*s + 5. Give a(-6).
41
Let p(h) = -h**3 + 24*h**2 - 37*h + 322. Determine p(23).
0
Let n(p) = -p**3 + 3*p**2 + 17*p - 15. Determine n(7).
-92
Let j(a) = -4*a**2 + 4. Determine j(-2).
-12
Let y(o) = o**3 + 2*o**2 - 2*o - 1. Calculate y(-3).
-4
Let v(y) = 5*y**3 + y**2 - y. Give v(1).
5
Let w(o) = o + 6. What is w(12)?
18
Let f(s) = -s**2 - 8*s + 4. What is f(-8)?
4
Let s(p) = -5*p**2 - p + 4. Determine s(-5).
-116
Let v(k) = -k**3 - 4*k**2 - 3*k. Calculate v(-2).
-2
Let t(x) = -3*x + 46. What is t(17)?
-5
Let h(z) = -z**2 + 13*z - 27. What is h(6)?
15
Let w(o) = -6*o + 3. Give w(-10).
63
Let j(q) = q**2 - q - 10. What is j(0)?
-10
Let u(w) = -w**2 + 2*w - 4. Calculate u(4).
-12
Let n(m) = -m - 1. Give n(-4).
3
Let l(q) = -5*q + 1. Calculate l(4).
-19
Let l(y) = y**2 + 6*y - 1. What is l(-7)?
6
Let g(n) = n**2 - 14*n - 13. Give g(15).
2
Let z(n) = n**3 + 9*n**2 + 11*n - 13. Determine z(-7).
8
Let d(s) = -2*s**3 + 5*s**2 + 3*s + 3. What is d(4)?
-33
Let g(j) = -4*j - 45. Calculate g(-10).
-5
Let u(b) = 2*b + 4. Determine u(3).
10
Let k(l) = -l**2 - 10*l - 10. Give k(-6).
14
Let c(o) = o**3 - 13*o**2 - 12*o - 17. Determine c(14).
11
Let o(m) = 25*m**2 + 3*m - 2. Determine o(1).
26
Let g(v) = -v**2 - 6*v - 15. Give g(-6).
-15
Let z(d) = -68*d**2 + 2. Determine z(1).
-66
Let s(a) = 3*a - 116. What is s(40)?
4
Let v(j) = j**2 - j - 3. Determine v(2).
-1
Let y(i) = i**2 + 3*i - 65. Give y(6).
-11
Let c(f) = f**3 + 5*f**2 - 8*f - 6. What is c(-6)?
6
Let t(p) = p**3 + 6*p**2 - 10*p - 13. Give t(-7).
8
Let k(i) = i + 7. What is k(-12)?
-5
Let v(z) = -16*z - 661. Calculate v(-42).
11
Let p(l) = l**2 - 8*l - 2. Calculate p(6).
-14
Let x(k) = -2*k - 3. What is x(-2)?
1
Let w(q) = -4*q - 2. Determine w(-4).
14
Let d(y) = y - 16. Give d(0).
-16
Let h(m) = m**2 + m + 3. What is h(0)?
3
Let l(c) = -6*c**2 - 1. Calculate l(1).
-7
Let i(y) = 14*y**2 + y + 1. Determine i(-2).
55
Let j(p) = 5*p - 26. What is j(5)?
-1
Let b(c) = -5*c + 38. Give b(7).
3
Let t(k) = -k**3 + 10*k - 8. Calculate t(3).
-5
Let d(c) = -c**3 - 5*c**2 + 7*c - 1. Calculate d(-6).
-7
Let x(f) = -62*f - 302. Calculate x(-5).
8
Let l(p) = -p**3 - 22*p**2 - 17*p + 25. Give l(-21).
-59
Let l(u) = -u**3 - u**2 - 36. Determine l(0).
-36
Let c(o) = -o - 19. Determine c(-21).
2
Let b(w) = -w**3 + 9*w**2 - w - 9. Give b(8).
47
Let t(q) = -3*q**3 + 4*q**2 - 5*q + 6. Calculate t(2).
-12
Let o(h) = -14*h + 37. Give o(4).
-19
Let w(c) = c**3 + 25*c**2 + 42*c + 48. Give w(-23).
140
Let n(g) = 4*g + 8. Calculate n(9).
44
Let g(f) = f + 14. What is g(-6)?
8
Let t(n) = -5*n - 1. Calculate t(1).
-6
Let y(u) = u**2 + 11*u + 5. What is y(-8)?
-19
Let a(m) = -m**3 + 5*m**2 + 4. What is a(5)?
4
Let t(a) = -2*a**3 + 4*a**2 - 8*a + 6. What is t(3)?
-36
Let d(w) = w**2 - 15*w + 19. Determine d(8).
-37
Let i(g) = -5*g + 26. Calculate i(10).
-24
Let w(n) = 20*n + 23. Give w(-2).
-17
Let g(q) = 3*q**2 + 2*q + 3. Determine g(2).
19
Let q(b) = -23*b**3 + 2*b**2 + 2*b + 1. Determine q(-1).
24
Let c(x) = x**3 + 6*x**2 - 3*x - 3. Give c(0).
-3
Let x(n) = -n**2 - 14*n - 18. Calculate x(-12).
6
Let t(u) = -u + 9. Determine t(9).
0
Let n(r) = 33*r - 1. What is n(-1)?
-34
Let y(i) = -i**3 + 10*i**2 + 15*i + 15. Determine y(12).
-93
Let f(z) = 16*z + 296. Calculate f(-18).
8
Let m(c) = -c**3 - 11*c**2 + 5. What is m(-11)?
5
Let j(p) = 2*p**2 + 28*p - 6. Determine j(-13).
-32
Let i(w) = -2*w**2 + w + 1. What is i(-2)?
-9
Let v(b) = 4*b + 6. Determine v(9).
42
Let g(b) = -b**3 - 5*b**2 + 9*b - 8. Give g(-7).
27
Let v(r) = 4*r - 20. Determine v(4).
-4
Let m(b) = -6*b**2 + 16*b + 10. What is m(3)?
4
Let c(g) = g**3 - 16*g**2 + 5*g + 18. Give c(16).
98
Let m(n) = -2*n**2 - 11*n + 69. What is m(-10)?
-21
Let h(g) = -g**3 + 9*g**2 + 7*g + 23. What is h(10)?
-7
Let b(h) = h**3 - 4*h**2 - 6*h + 3. Determine b(4).
-21
Let i(m) = -m**2 + 9*m - 4. Calculate i(3).
14
Let l(k) = -k**3 + 10*k**2 + 3*k + 1. Calculate l(10).
31
Let r(z) = -z**3 + 3*z + 3. Determine r(-3).
21
Let o(d) = d**3 - 40*d**2 + 40*d - 41. Give o(39).
-2
Let m(t) = t**3 + 2*t - 1. Calculate m(0).
-1
Let z(h) = 9*h - 14. Determine z(2).
4
Let d(m) = m**2 + 9*m + 7. Determine d(-5).
-13
Let d(k) = 10*k - 2. What is d(-3)?
-32
Let n(k) = -k**3 + 13*k**2 - 26*k + 21. Calculate n(11).
-23
Let m(n) = -n**3 - 4*n**2 + 21*n + 52. Calculate m(-6).
-2
Let b(m) = 2*m**2 + 8*m - 3. Determine b(-6).
21
Let o(r) = -r - 2. What is o(7)?
-9
Let m(l) = -l**3 + 2*l**2 - 4*l + 21. What is m(3)?
0
Let z(i) = -2*i - 8. Give z(-3).
-2
Let z(l) = -6*l + 109. Determine z(20).
-11
Let l(n) = n**3 + 4*n**2 + 8*n. Determine l(-4).
-32
Let y(j) = j**3 - 10*j**2 - 21*j - 19. Calculate y(12).
17
Let t(y) = 4*y - 7. Calculate t(5).
13
Let b(s) = -s**2 + 6*s - 2. What is b(4)?
6
Let w(t) = -t**3 + 46*t**2 - 166*t - 81. Calculate w(42).
3
Let t(h) = -h**2 + 17. Give t(-5).
-8
Let v(b) = 3*b**3 + 3*b**2 - 7*b + 4. Determine v(2).
26
Let p(g) = -g**2 - 7*g - 7. What is p(-5)?
3
Let s(q) = -2*q**2 - 11*q - 37. Determine s(-7).
-58
Let q(a) = 2*a**2 - a - 6. Determine q(3).
9
Let s(i) = -i**3 + 30*i**2 - 59*i + 63. What is s(28)?
-21
Let a(j) = j**3 + 2*j**2 + j - 4. Calculate a(0).
-4
Let d(o) = o - 2. Give d(0).
-2
Let a(n) = -66*n + 467. Determine a(7).
5
Let l(g) = 13*g**2 + 2. Determine l(1).
15
Let y(p) = p**3 + 3*p**2 - 3*p + 5. Determine y(-4).
1
Let m(t) = -29*t**2 - t - 2. Calculate m(-1).
-30
Let f(l) = l**2 + 12*l + 8. Give f(-8).
-24
Let w(i) = -i**2 + 26*i - 28. Calculate w(24).
20
Let w(v) = -v**2 + 9*v - 8. Give w(5).
12
Let h(k) = -k + 1. What is h(-2)?
3
Let u(v) = -v**3 + 17*v**2 - 15*v - 17. Determine u(16).
-1
Let g(c) = 2*c**2 + 20*c + 23. What is g(-8)?
-9
Let k(l) = -4*l**2 + 106*l - 320. Give k(23).
2
Let c(t) = -3*t**2 + t + 2. Give c(3).
-22
Let n(i) = -2*i**2 - 63*i + 106. Determine n(-33).
7
Let w(z) = -2*z**2 + 5*z - 7. Calculate w(3).
-10
Let g(k) = -k**2 - 4*k - 2. Determine g(-5).
-7
Let m(x) = x**3 - 13*x**2 + 11*x + 7. Calculate m(12).
-5
Let p(w) = 3*w**3 + 7*w - 6. Calculate p(1).
4
Let h(d) = -d**3 - 13*d**2 - d - 3. What is h(-13)?
10
Let c(s) = 6*s**2 + 3*s - 11. Determine c(-6).
187
Let d(p) = -p**2 - 19*p - 14. Calculate d(-9).
76
Let v(y) = 17*y + 62. Determine v(-5).
-23
Let t(r) = r**3 - 25*r**2 + r - 27. Calculate t(25).
-2
Let d(t) = -t**3 + 2*t**2 + 9*t - 1. Give d(6).
-91
Let i(p) = -p + 2. Give i(1).
1
Let h(u) = u**2 - 9*u + 6. Give h(9).
6
Let k(p) = -p**2 + 14*p - 40. Determine k(11).
-7
Let v(q) = -42*q**2 - q + 1. What is v(-1)?
-40
Let s(q) = -q**2 + 6*q + 24. Give s(10).
-16
Let r(d) = -d**3 - 9*d**2 - 2*d - 12. What is r(-9)?
6
Let z(j) = -4*j + 114. Give z(21).
30
Let v(x) = 3*x**3 + x**2 - 8*x - 8. What is v(-1)?
-2
Let c(q) = 7*q**2 - 1. Calculate c(-1).
6
Let r(u) = 18*u - 57. Calculate r(3).
-3
Let u(v) = -2*v + 9. What is u(9)?
-9
Let l(k) = k**2 + 7*k - 1. Determine l(-8).
7
Let n(t) = t**2 + 47*t + 92. Determine n(-45).
2
Let n(a) = 7*a + 6. What is n(-2)?
-8
Let c(w) = -57*w + 1145. Determine c(20).
5
Let b(z) = -65*z + 384. What is b(6)?
-6
Let p(y) = -y**2 + 14*y - 12. What is p(10)?
28
Let p(u) = -16*u - 114. Calculate p(-8).